e remainder when 14793 is divided by n(28)?
25
Let r = 40 + 280. Let m = 61 - 15. What is the remainder when r is divided by m?
44
Let d(r) = -115*r + 1044. Calculate the remainder when 242 is divided by d(9).
8
Suppose -p + 252 = 8*p. Let l = 107 - 102. Calculate the remainder when p is divided by l.
3
Let g(v) = 5*v + 42. Let s be g(-8). Suppose -s*p + 34 = -3*y, 2*y - 13 = -17. What is the remainder when 45 is divided by p?
3
Let h = 2206 + -1448. Suppose h*c - 14 = 757*c. What is the remainder when 92 is divided by c?
8
Suppose 5*m = -25, 5*m - 3*m + 187 = 3*n. What is the remainder when 1296 is divided by n?
57
Suppose 8364 = 4*m - 4*x - 8928, -5*x - 17286 = -4*m. Calculate the remainder when m is divided by 38.
35
Let s = -101 - -132. Let r = -1713 + 1795. Calculate the remainder when r is divided by s.
20
Let n be 1232/126 + 2/9. Suppose 8*r = 6*r + n. What is the remainder when r is divided by 5?
0
Let j be 4 + 25/(-6) - (-458)/12. Let w = 49 - j. Let m(n) = -n**3 + 9*n**2 + 8*n - 7. What is the remainder when m(9) is divided by w?
10
Suppose 48 = 6*w - 300. Let r(x) = 15*x - 174. Calculate the remainder when w is divided by r(12).
4
Let c = -81 - -171. Suppose -2*x + 2*t + c = 4*t, 5*x - 221 = -4*t. Suppose -17*b + 6*b + 1793 = 0. What is the remainder when b is divided by x?
40
What is the remainder when 30/(-65) - 2519424/(-1404) is divided by 356?
14
Calculate the remainder when 127 is divided by (-6 - -35)*(-27)/(-9).
40
Let v(l) = 15*l - 5. Let g = -28 - -31. Suppose -11 = 2*p - 41. Calculate the remainder when v(g) is divided by p.
10
Let w(j) = j**3 + j**2 - j + 26. Let p(h) = h**2 + 1164*h - 29573. Calculate the remainder when p(25) is divided by w(0).
22
Let z(k) be the first derivative of k**3/3 + 8*k**2 + 25*k - 11. What is the remainder when z(-15) is divided by 5?
0
Let u be ((8 - 7) + 12/1)*1. Let g = u - 26. Let p = g + 21. What is the remainder when 23 is divided by p?
7
Calculate the remainder when 1648 + (0 - 14) + -14 is divided by 28.
24
Let l(t) = 2*t**3 - 21*t**2 + 6*t - 109. Calculate the remainder when l(12) is divided by 68.
55
Let n(k) = -k**3 - 3*k**2 + 3. What is the remainder when n(-5) is divided by 10*(-84)/70*((-3)/(-4) + -2)?
8
Let b = 1543 - -3328. Calculate the remainder when b is divided by 14.
13
Suppose -18949 = -11*y + 2*l - 4556, -y - 3*l + 1318 = 0. Calculate the remainder when y is divided by 119.
0
Let r = -61 + 105. Let b be 1/4 - 21/84. What is the remainder when r is divided by 4*(3 - (b + 44/(-16)))?
21
Let h(z) be the second derivative of 2/3*z**4 - 12*z + 0 - 1/20*z**5 + 0*z**3 - 5*z**2. What is the remainder when 154 is divided by h(7)?
37
Let y = -62 - -72. Calculate the remainder when 8 is divided by 28/12 - (-9)/(135/y).
2
Suppose 0 = -5*k - 5, -5*m + 4*k + 117 - 3 = 0. Calculate the remainder when 919 is divided by m.
17
Let s = -3175 + 3474. What is the remainder when s is divided by 43?
41
Let d(u) = -u**3 + 10*u**2 - 8*u + 15. Let v be d(9). Suppose 4*z - 4*f = 12 + v, 0 = 3*z + f - 39. What is the remainder when z is divided by 4/(-14) + 92/28?
0
Suppose 29*m - 91 - 448 = 157. What is the remainder when 113 is divided by m?
17
Let d = -938 - -822. Calculate the remainder when (-195)/(-3)*d/(-145) is divided by (-2)/(-4) + 53/2.
25
Let y = -100 + 95. Let z be (-3)/(-5) + ((-1427)/y - -4). Suppose -15*g + z = -5*g. What is the remainder when 114 is divided by g?
27
Suppose -5*l + 0*l + 130 = 0. Suppose m - 4*b - 122 = 0, 9*b - 40 = 4*b. Calculate the remainder when m is divided by l.
24
Let h(s) = 3*s**2 - 40*s - 7. Let l(k) = 9*k**2 - 119*k - 19. Let u(b) = -17*h(b) + 6*l(b). What is the remainder when u(13) is divided by 21?
7
Let r = -7481 - -7518. What is the remainder when 232 is divided by r?
10
Let a(q) = -5*q + 12. Let p be a(4). Let n be -5*p/20 - -7. What is the remainder when (10 - n)*(1 - -20) is divided by 11?
10
Let a(p) = 22*p**2 - 2. Let c(b) = -5*b**3 - 7*b**2 - 24*b - 6. Calculate the remainder when c(-3) is divided by a(-1).
18
Let w = -9455 - -10131. Calculate the remainder when w is divided by 160.
36
Let w(l) = 52*l**3 + 4*l**2 - 5*l + 2. Calculate the remainder when 423 is divided by w(1).
52
Let z(m) = -930*m + 2130. What is the remainder when z(-28) is divided by 143?
142
Suppose 0*h + 5*h + r = 910, 0 = 3*h - 5*r - 518. Let a = -100 + 146. What is the remainder when h is divided by a?
43
Suppose -96*x + 5516 + 17908 = 0. What is the remainder when x is divided by 28?
20
Suppose 2*a + 5*s = -2*a + 103, 0 = 3*a + 2*s - 79. What is the remainder when 129 is divided by (1 - (-46)/4) + a/(-18)?
8
Let y(a) = 10*a - 8. Suppose 0 = -4*k + k + 12. Suppose 15 - 39 = -k*o. Calculate the remainder when y(o) is divided by 8.
4
Calculate the remainder when 777 is divided by (-211)/(-3) - (-530)/795.
67
Suppose 5*c = -10, 2*b = 3*c + 18 - 2. Suppose 0 = b*s + 5*m + 30, 2*m = 5*s - 4*s - 6. What is the remainder when 105 is divided by (-3 + -2 - s/2) + 31?
24
Let h(t) = 11*t**2 - 19*t + 13 - 7 - 7. What is the remainder when (-2)/(-7) - 68/(-7) is divided by h(2)?
0
Let n be 4 - ((-178)/14 - 4/14). Suppose n*m + 27 = 20*m. Calculate the remainder when 32 is divided by m.
5
Let a = -6201 + 7696. What is the remainder when a is divided by 488?
31
Suppose -j - h = -2, -3*h - 48 = -4*j + 9. What is the remainder when 52 is divided by j?
7
Let p = -81 + 84. Suppose p*d - 5*i = 31, -4*d + 3*i + 22 = -1. Let c(o) = 3*o + 8. Calculate the remainder when 111 is divided by c(d).
13
Let n(u) = -4*u**2 - u - 34. Let y be n(-5). Let p = 167 + y. Calculate the remainder when ((-7)/(-21))/((-3)/(-1323)) is divided by p.
33
Let v(j) = j**2 - 101*j - 2186. What is the remainder when 4821 is divided by v(126)?
1
Suppose -4*h + 22 = 5*x, h - 33*x + 31*x = 25. What is the remainder when 1349 is divided by h?
10
Let p = 240 + -429. Let t = 269 + p. What is the remainder when 317 is divided by t?
77
Calculate the remainder when (1 + 300 - (8 - (0 - -5))) + -1 is divided by 15.
12
Let z(x) = -77*x - 4. Let p(j) = 2*j**2 - 484*j - 5030. What is the remainder when z(-3) is divided by p(252)?
7
Suppose 205*y - 226*y + 9786 = 0. What is the remainder when y is divided by 71?
40
Suppose 78 = 23*t - 20*t - 4*a, 5*a = -30. Calculate the remainder when t is divided by 8.
2
Let t = -16 + -63. Let x = -52 - t. What is the remainder when x is divided by (-5)/20 - 123/(-12)?
7
Let o = -327 + 324. Calculate the remainder when 168 + o + -7 + 10 is divided by 57.
54
Suppose -4*b - 76 = -t, -t - 4*b = 2 - 62. Calculate the remainder when 214 is divided by t.
10
Suppose -64*p = -29*p - 19*p - 10848. Calculate the remainder when p is divided by 178.
144
Let h(v) = -v**2 - 10*v - 10. Let u be h(-8). Suppose -p + 4*q - 3 = 0, 0 = 3*q - 3 + u. Let b = p + 25. What is the remainder when 88 is divided by b?
16
Let p(i) = i**2 - 169*i - 71. Let a(d) = d**2 - 56*d - 24. Let y(n) = 8*a(n) - 3*p(n). Calculate the remainder when 392 is divided by y(-12).
29
Let x be (-2894)/16 + ((-39)/(-24))/(-13). Let q = x - -359. What is the remainder when q is divided by 45?
43
Calculate the remainder when 200 is divided by 9 - (5 - ((-172)/(-20) + 14/35)).
5
Let h = 336 + -128. Suppose 9*f - 5*f = 5*u - 70, 4*f - 70 = -5*u. Calculate the remainder when h is divided by u.
12
Let o = -301 - -305. Suppose 5*z - 373 = o*l, -70 = 5*z + l - 458. Calculate the remainder when 140 is divided by z.
63
Suppose -40*y + 77*y = 37. Let h(u) be the second derivative of 29*u**4/6 - 5*u**3/6 + 2*u**2 - 4*u. What is the remainder when h(y) is divided by 9?
3
Let m(u) = -5*u + 125. Let y be m(26). Calculate the remainder when -3*y/(-10)*170/(-3) is divided by 22.
19
Suppose -91*p = -92*p + 8. Suppose f - 2*q - 3 = 0, p*q = f + 7*q - 7. What is the remainder when 19 is divided by f?
8
Let t(j) = 29*j**2 - 16*j - 42. Let n be t(-3). Let p = 388 - n. Calculate the remainder when p is divided by 25.
21
Suppose 3*f = 4*j + 972, 3*f + 892 + 104 = -4*j. Let p = j - -260. What is the remainder when 139 is divided by p?
13
Suppose -3*p + 10*w = 6*w - 15, 4*p + w - 20 = 0. Suppose 90 = -a + 6*a. Suppose 2*z - p*z + a = 0. What is the remainder when 41 is divided by z?
5
Suppose 3*j + 2*a = 1486, -80*j - 2435 = -85*j + 5*a. Calculate the remainder when j 